t are the prime factors of t?
3, 5
Suppose -49 - 155 = -q - s, -3*q + 2*s = -587. What are the prime factors of q?
199
Suppose 4*j = -s + 2*s - 83, 0 = 2*s - 4*j - 150. List the prime factors of s.
67
Suppose 3*o - 35 - 23 = -4*q, 2*q = 2*o - 48. List the prime factors of o.
2, 11
Let k(c) = -2*c - 3. Let i be (-10)/2 - (-4)/4. What are the prime factors of k(i)?
5
What are the prime factors of ((-42)/4)/((-21)/70)?
5, 7
Suppose n - 19 - 17 = 0. Let j = -18 + n. List the prime factors of j.
2, 3
Suppose -2*n - 760 = -6*n. List the prime factors of n.
2, 5, 19
Let b be (-2)/(-6)*3*5. Suppose -b = -5*a + 5. List the prime factors of a.
2
Let w be 15/(-1)*(-4)/12. Suppose -h = -w + 1. What are the prime factors of h/14 + (-524)/(-28)?
19
List the prime factors of (6/(-2))/(1/(-15)).
3, 5
Let r(v) = 28*v**3 - v + 1. Let c be r(1). Suppose 4*m - c = 3*m. List the prime factors of m.
2, 7
Suppose 0 = -2*y + y - 5, 3*y + 150 = 3*r. List the prime factors of r.
3, 5
Suppose 23 = l + 4*y, -4*l + l + 114 = -3*y. List the prime factors of l.
5, 7
List the prime factors of (1 + 1)*53/2.
53
Suppose 6*d - 4*u = 3*d + 23, u - 56 = -4*d. List the prime factors of d.
13
Let u(a) = -5*a. Let l be u(-1). Let i = l - -9. What are the prime factors of i?
2, 7
Let l(g) = 40*g**3 - g + 1. What are the prime factors of l(1)?
2, 5
Let c = 51 - 5. What are the prime factors of c?
2, 23
Suppose d = -2*j - 364, 1251 = -4*d - j - 191. What are the prime factors of 1/(4/(d/(-3)))?
2, 3, 5
Suppose -8 = -4*k + 2*k. Suppose 3*j + 5*r = 31, 4*j + 7*r - k*r = 56. List the prime factors of j.
17
Suppose 5*q - 2*q - 27 = 0. Suppose -z - 3 = -q. List the prime factors of z/4*(-66)/(-9).
11
Suppose -194 = -4*n - 6. List the prime factors of n.
47
Suppose 5*w + 109 = 379. List the prime factors of w.
2, 3
Let h(c) = -13*c + 3. Let s be h(-3). Suppose 2*i - s = -i. List the prime factors of i.
2, 7
Suppose f = 3*f - 52. Suppose -d - 3 = -2*d. Suppose -4*u - 4*y + 28 = 0, 0 = d*u - 2*y - 15 - f. What are the prime factors of u?
11
What are the prime factors of 2/6 - (-122)/3?
41
Let t be 6/2*(-217)/(-21). Let c = t + -8. What are the prime factors of c?
23
Suppose 3*v + 56 = 4*o, -5*o + 2*v = -76 + 13. List the prime factors of o.
11
Let q be 2/4*2*2. Suppose -5*x = -q*x - 27. What are the prime factors of x?
3
Let t be 4/(-2) + (-2 - -2). Let p(k) = -2*k**2 + 23*k - 9. Let j(r) = -r**2 + 11*r - 5. Let c(b) = t*p(b) + 5*j(b). What are the prime factors of c(6)?
11
Suppose -z = -6*z, -3*z = t - 2. Suppose -2*p + 2 = 4*i - 16, 18 = t*p + 2*i. What are the prime factors of p?
3
Let m(s) = -16*s + 1. Let y be m(-1). Let h be 3/(-2)*22/(-33). List the prime factors of y + (3 - 4)/h.
2
Suppose 4*j = 4*i + 182 + 214, 4*i + 102 = j. What are the prime factors of j?
2, 7
Suppose -9*z = -13*z + 64. List the prime factors of z.
2
Suppose -x - 3*j = 15, 4*j = 5*x + 6 - 26. Suppose -s + 5*p - 16 = x, 4*s - s = p + 8. Let v = 11 - s. List the prime factors of v.
7
Let f be (-1 - -2) + -6 + -5. Let l be 1/(-5) - (-18)/f. What are the prime factors of 600/42 - l/(-7)?
2, 7
Let o = 22 - -28. List the prime factors of o.
2, 5
Let m = 16 + -7. Let a = m - 8. What are the prime factors of -2 - (-1 - (19 - a))?
17
Let r be (-1)/4 - 7/4. Let u = r - -5. Suppose 4*s = u*s + 3. What are the prime factors of s?
3
Let d = -2 - -35. Suppose z = 3*f - 3*z - d, 5*z + 22 = 2*f. List the prime factors of f.
11
Suppose 0 = -2*h + 3*c + 57, -4*c + 2*c + 32 = h. List the prime factors of h.
2, 3, 5
Let k(u) = u**3 - u**2 - 1. Let w be k(2). Let j be 10/3 - (-2)/(-6). Suppose 0 = -w*s + 4*h + 31, -j*h - 2 = -4*h. List the prime factors of s.
13
Let f(n) = 38*n + 2. Let z be f(6). List the prime factors of z/70 + (-2)/7.
3
Let g be 1/((-1)/(-10)*2). Suppose g*j - 228 = -68. What are the prime factors of j?
2
Let g(t) = t**3 + 9*t**2 + 3*t - 7. What are the prime factors of g(-8)?
3, 11
List the prime factors of 106 - (2 - 1)/(-1).
107
Suppose 5*w = -0 - 25. List the prime factors of 5/(w/(-3)) - -1.
2
Let i = 28 + -10. List the prime factors of 312/i + (-4)/(-6).
2, 3
Suppose 3*a + 10 = 5*a. Suppose a*h = h + 108. Suppose 0*x = 3*x - h. List the prime factors of x.
3
Suppose 2*s - 454 = -3*h + 4*s, 3*s = -3*h + 474. List the prime factors of h.
2, 7, 11
Let h be (-3)/(-18) + (-5)/(-6). Let g = h - -21. What are the prime factors of g?
2, 11
Let l(j) = j**3 + 6*j**2 - 6. Let h be l(-5). Let p = h + -7. Suppose 5*z - p = 13. What are the prime factors of z?
5
Let o = 0 + 15. Let i = 16 + o. List the prime factors of i.
31
Let n be -3 - -1 - (2 - 8). Suppose 4*a = -4*l + 4, -5*l + 4*a + 21 = -n*l. Suppose d - 3 = l. What are the prime factors of d?
2
Let n(r) = -r**2 + 11*r + 19. What are the prime factors of n(12)?
7
Let x = 28 + -20. Suppose 3*g = -3*d + 30, -x = 4*g - 0. List the prime factors of d.
2, 3
Let f(n) = 2*n**3 - 5*n**2 + n + 2. Let h(p) = 2*p**3 - 6 + 0*p - 2*p + 15*p**2 - 7*p**3. Let o(x) = -8*f(x) - 3*h(x). List the prime factors of o(-5).
2, 3
Suppose -2*h + 41 = -3*a, -4*a - 3*h - 29 = 20. Let p = a - -18. What are the prime factors of p?
5
Suppose -5*q - 4*a + 150 = -145, -q = -4*a - 83. Suppose 4*c + 52 = 2*j - 0*j, -q = -3*j + c. List the prime factors of j.
2, 5
Let j = 17 - 14. Suppose 5*a - j*a - 64 = 0. List the prime factors of a.
2
List the prime factors of -5 - (-3)/3 - -40.
2, 3
Let o = 142 - 66. List the prime factors of o.
2, 19
Let f be (14/(-35))/(2/(-40)). Let m(z) = 2*z**3 + 2*z**2 + 2*z. Let g be m(-2). What are the prime factors of f/g - 14/(-3)?
2
Suppose 13*i = 19*i - 1650. List the prime factors of i.
5, 11
Let m(x) = -x + 4. Suppose -4*v = -3*v - 4. Let r be m(v). Suppose 4*y - 3 = 5*y, r = -4*n - y + 37. What are the prime factors of n?
2, 5
Let u be 2/(-3*(-1)/3). Let c = -4 + u. What are the prime factors of 106/9 - c/9?
2, 3
Suppose -h + 1 = -2. Suppose 66 = 3*c + 2*c - r, -c + h*r = -16. What are the prime factors of c?
13
Suppose -2*v + 55 = -b, 7*v = -2*b + 2*v - 65. List the prime factors of (b/10)/(2/(-4)).
3
Suppose -2*f = n - 0*f + 6, 5*n - f + 41 = 0. Let b(x) = -x**3 + 11*x**2 - 9*x + 15. Let p be b(10). Let i = n + p. What are the prime factors of i?
17
Let u = 18 - -35. What are the prime factors of u?
53
Let q be 4/18 + (-25)/(-9). Suppose -4*i - 3*n - 13 = 7, 0 = -3*i - q*n - 18. What are the prime factors of 1 - 1 - (0 + i)?
2
Let d(y) = 3*y. Let a = 22 - 14. List the prime factors of d(a).
2, 3
Suppose 5*w - 3*a - 34 = 0, 0 = 3*w + 2*a - 6 - 3. List the prime factors of w.
5
Let m = 0 + 0. Suppose m = v + 3*v - 116. List the prime factors of v.
29
Let x(l) = -l**2 + l + 1. Let u be x(2). Let j(h) = 3*h - h - 7*h - 1. List the prime factors of j(u).
2
What are the prime factors of (0 + -14)*18/(-7)?
2, 3
Suppose -a + 4*i + 15 = 0, i + 0*i = 4*a. List the prime factors of a/(0 + (-3)/21).
7
Let y(o) = -o**3 - 11*o**2 - o - 11. Let m be y(-11). Suppose -5*v + m*x = x - 155, 0 = -5*v - 3*x + 165. List the prime factors of v.
2, 3, 5
Let g(n) = n**3 + 2*n**2 - 10*n - 4. Let v be g(-4). Suppose -2*m = -3*t + t - 16, -2 = -m - 5*t. Let l = m - v. List the prime factors of l.
3
Let l(q) = q + 9. Let b be l(-4). Let v be (-2)/4 + 25/2. Suppose j + b = v. List the prime factors of j.
7
Suppose 12 = -3*y + 6*y. Suppose 0 = c - 2*q - 3, y*q = q + 6. What are the prime factors of c?
7
Let v = -3 + 12. List the prime factors of v.
3
Let a be 130/(-4) - (-7)/(-14). Let b = a - -21. Let x = 2 - b. What are the prime factors of x?
2, 7
Let t(b) = -b**3 + 14*b**2 + 2*b - 19. List the prime factors of t(7).
2, 13
Let n(j) = -14*j + 9. List the prime factors of n(-5).
79
Suppose -3*l + 2*l - 5 = 0. Let b = l - -13. What are the prime factors of b?
2
Let x(o) = -o**3 + 2*o**2 + 4*o. What are the prime factors of x(3)?
3
Suppose 0*l = 4*l - 12. Suppose 4*m - 15 = 7*m + 5*h, -2*m = l*h + 9. Suppose 4*v + v - 25 = m. What are the prime factors of v?
5
Let g(b) = b. Let q(h) = -h**3 + 3*h**2 + 7*h - 6. Let x be q(4). Let c be g(x). Suppose c = -3*m, -2*o + 3*m = 7 - 27. List the prime factors of o.
7
Let q(u) = 5*u**2 + 5*u. Let d be q(-4). Suppose -2*p - d = -7*p. What are the prime factors of p?
2, 3
Let f be ((-8)/3)/(4/(-114)). Suppose -5*m = 2*t - f, 0*t + 5*t = -2*m + 169. Let